en (2 + 350/2)*1 is divided by g?
27
Suppose 0 = -5*s + 17 + 468. What is the remainder when 287 is divided by s?
93
Suppose -2 - 14 = -4*z. Let o = z + 8. Calculate the remainder when ((-100)/(-35))/(3/21) is divided by o.
8
Suppose -1973 = -3*c - 1874. What is the remainder when 123 is divided by c?
24
Let l = 80 + -40. Calculate the remainder when l is divided by 21.
19
Let x be (-40)/6*9/(-12). Suppose 2 - 29 = -3*m - 3*c, -25 = -5*m + x*c. Suppose 5 = -0*i + i. What is the remainder when m is divided by i?
2
Suppose 9*i = -236 + 704. Calculate the remainder when 363 is divided by i.
51
Suppose c - 38 = -c. Let j = -1757 - -1760. Calculate the remainder when c is divided by j.
1
Let r = -240 - -275. Calculate the remainder when -2 + 1186/12 + 8/48 is divided by r.
27
Let w = 114 + -112. Suppose 2*y - 157 = 3*h, w*y - 132 = -0*y - 2*h. Calculate the remainder when y is divided by 15.
11
Let o(r) = r**3 + 10*r**2 + 21*r - 12. Suppose -4*z + 103 + 3 = p, p = 4*z - 110. Calculate the remainder when z is divided by o(-6).
3
Let a = 105 - 93. Suppose -5*v - 12 = 3*d, -3*d - d - 5*v = 16. Calculate the remainder when a is divided by ((-5)/2)/(2/d).
2
What is the remainder when (18 - 19) + (80 - -1) + -2 is divided by 16?
14
Suppose -2*n = -2*h - 184, -4*n - 4*h = -149 - 187. Calculate the remainder when n is divided by 18.
16
Let s = 28 + 2. Suppose -5999*m + 5989*m + 110 = 0. Calculate the remainder when s is divided by m.
8
Suppose 0 = -k + 47 - 295. Let h = -95 - k. What is the remainder when h is divided by 53?
47
Let j(i) = -2*i + 37. Calculate the remainder when 764 is divided by j(12).
10
Let k(u) be the second derivative of 0 - 1/6*u**3 + 10*u - 7/2*u**2. What is the remainder when 11 is divided by k(-9)?
1
Let l(a) = a**3 + a**2 + 19*a + 18. Let w = 54 + 70. Calculate the remainder when w is divided by l(0).
16
Calculate the remainder when 97 is divided by ((-725)/25 - (0 + -3))*-1.
19
Suppose s - 2 = 13. Let x(n) = -3*n + 28. Let i be x(8). Suppose 0 = i*z + 2*d + 2*d - 244, 3*d - 240 = -4*z. What is the remainder when z is divided by s?
12
Let r(z) = z**3 + 25*z**2 - 31*z - 51. Let a be ((-13)/(-2))/(7 + (-87)/12). What is the remainder when r(a) is divided by 16?
15
Let k(a) = -a**2 + 21*a + 13. Calculate the remainder when 60 is divided by k(20).
27
Let w(y) be the third derivative of y**5/30 + y**4/12 - y**3/6 - 11*y**2. What is the remainder when w(-6) is divided by 20?
19
Suppose 0 = n - 3*f + 21, 0 = 2*n + 2*f + f + 6. Let t = 2 + -8. Calculate the remainder when 83 is divided by ((-84)/n)/((-2)/t).
27
Let q(r) = 3*r + 8. Suppose -2*v = -2*g + 4, v + 5*g - 31 = -v. Suppose -v*x - 4*t + 48 = x, -5*t = -x + 6. Calculate the remainder when q(8) is divided by x.
10
Let h(l) = 28*l**3 + l**2 - 1. Suppose -2*w + 5 = 3*w. Suppose 161 = 2*k - 5*z, -4*k + 4*z + 79 = -3*k. What is the remainder when k is divided by h(w)?
27
Suppose -5*j + 7926 = 6531. Calculate the remainder when j is divided by 93.
0
Let z(h) = -h**2 - 3*h - 13. Let k be z(-4). Let i = 28 - k. Calculate the remainder when i is divided by 8.
5
Suppose -n = -5*v + 40, -4*v + 7*v - 5*n - 2 = 0. Let h be 3 + 20/4*-1. What is the remainder when v is divided by h*(48/(-21) - 12/(-42))?
1
Let t(g) = -5 + 10*g**3 - 2 + 2*g + 4 + 2*g**2 + 4. Let n be t(-1). Calculate the remainder when 72 is divided by n/(-15) - (-244)/10.
22
Let p(h) = -h**2 - 36*h - 47. Calculate the remainder when p(-22) is divided by 20.
1
Suppose 2*q - 3*s - 72 = 0, 6*s - 68 = -2*q + 10*s. What is the remainder when q is divided by 11?
9
Let l = 10 - 2. Let f = 20 - 10. Suppose 8 = 6*g - f. What is the remainder when l is divided by g?
2
Let m(l) = -l**2 - 18*l + 19. Let r be m(-19). Suppose r = 5*z - 10 - 20. Calculate the remainder when 45/2 - (-2)/(-4) is divided by z.
4
Suppose 145 = -39*j + 769. Let r(v) = 5 - 5*v - v**3 + 2*v**2 + 6*v - 8*v**2. Calculate the remainder when r(-7) is divided by j.
15
Suppose 2*t + 38 = k - 37, -2*k = 2*t - 174. What is the remainder when k is divided by 29?
25
Suppose x - 44 = -3*x - 3*c, -5*x + 36 = -c. Suppose q + 30 - x = 0. Let l = q + 42. Calculate the remainder when 78 is divided by l.
18
Let m(p) = p**2 - 18*p + 90. Calculate the remainder when 138 is divided by m(12).
12
Suppose -43*t - 11*t = -486. What is the remainder when 188 is divided by t?
8
Let p(r) = -r**3 + 4*r**2 + 5*r + 3. Let n be p(5). Suppose 0 = -n*q + 110 - 62. Calculate the remainder when q is divided by 11.
5
Suppose -16 = -206*v + 204*v. What is the remainder when 108 is divided by v?
4
Suppose -35 = 12*o - 131. Suppose -355 = -o*j + 29. What is the remainder when 236 is divided by j?
44
Calculate the remainder when 44 is divided by (-19 + 18)*(-2 - 1*16).
8
Let z(f) = -f**2 + 3*f + 7. Let l be z(5). What is the remainder when l/((-3)/4) + 40 is divided by 24?
20
Suppose 4*a - 26*a = -88. Let r be (-2*94/(-4))/1. Suppose 2*h = -t + 15, -4*t + a = -h - r. Calculate the remainder when 36 is divided by t.
10
Suppose -2*p - 4*h = -164, 278 = 11*p - 7*p - 2*h. Calculate the remainder when p is divided by 27.
18
Let j = 118 - 57. Let q = 20 - 20. Let n(h) = -h**3 + h + 16. Calculate the remainder when j is divided by n(q).
13
Suppose 2*s = 2*o, -4 = -8*o + 3*o + 4*s. What is the remainder when 7 is divided by o?
3
Let n = -608 + 616. Suppose -5*g + 0*g + 10 = 0. What is the remainder when n is divided by g?
0
Suppose -i - 2*i = -15. Let s = 5 + i. Suppose 0 = -m - m + s. What is the remainder when 13 is divided by m?
3
Let k(y) = y**2 + 11*y + 24. What is the remainder when k(-10) is divided by 3?
2
Let u = 14 + -5. Let h(j) = -j**2 + 14*j + 1. Let g be (1 - (-60)/(-16))*-4. Calculate the remainder when h(g) is divided by u.
7
Let i = 13 - 10. Suppose 5 - 51 = -3*t - 2*x, -i*x + 51 = 3*t. Let q = 17 - -17. What is the remainder when q is divided by t?
10
Let n = 1966 - 664. Suppose 5*o - n = 948. Calculate the remainder when 14*(o/(-21))/(-5) is divided by 31.
29
Let q(z) = z**3 - 24*z**2 + 5*z - 8. What is the remainder when q(24) is divided by 45?
22
Suppose 4*f + 5 = s, -2*f + 5*s - 23 = 2. Suppose l = -p - f*p + 28, 144 = 5*l + 4*p. Suppose 5 = x - l. Calculate the remainder when x is divided by 13.
11
Let z = -4 + 5. Let t = 4 - z. Suppose 0 = t*x - 57 - 48. Calculate the remainder when x is divided by 9.
8
Suppose 4*v - 70 = 2*t, 2*v + 4*t = 21 + 19. Suppose -13*m + v*m - 786 = -h, 3*h = -12. What is the remainder when m is divided by 16?
14
Let s(d) = -14*d + 7. Let g(z) = 7*z - 3. Let l(i) = -7*g(i) - 4*s(i). Let t be l(6). Calculate the remainder when 917/t - (-1)/(-5) is divided by 15.
11
Let z(j) = j**2 + 8*j + 2. Let k be z(-8). Suppose 6*h = k*h + 180. What is the remainder when 177 is divided by h?
42
Let j = 629 + -588. What is the remainder when 490 is divided by j?
39
Suppose 80 = p + 5*b, 0 = 5*p - b - 3*b - 487. Let u(g) = -3*g - 44. What is the remainder when p is divided by u(-23)?
20
Let g(y) = y**3 - 4*y**2 + 2*y + 4. Let n be g(3). Let m = n + 9. Let r = 56 + -27. Calculate the remainder when r is divided by m.
9
Suppose -p = -s - 39, 5*p + 2*s - 6*s - 197 = 0. Suppose 1 = 3*r - p. Calculate the remainder when 54 is divided by r.
12
Let w = -315 - -330. Calculate the remainder when 73 is divided by w.
13
Let p = 74 + -74. Suppose -11*h + 55 = -p*h. What is the remainder when 116/16 + (-6)/(-8) is divided by h?
3
Let w(d) = 2*d**2 + 8*d - 3. Let b = -62 - -57. What is the remainder when w(b) is divided by 5?
2
Calculate the remainder when (1224/(-32))/((-18)/48) is divided by 25.
2
Suppose 4*p - 4*w - 152 = 0, 3*w - 6*w = -p + 42. Let z be (-6)/((-27)/6 - -3). Suppose 8*h - p = z*h. Calculate the remainder when 30 is divided by h.
3
Suppose 0 = -5*b + 4 - 14, -2 = -5*l - 4*b. Suppose 3*n = -l*n. Suppose n*i = -5*i + 100. Calculate the remainder when i is divided by 11.
9
Let j = -88 - -93. Suppose 0 = -4*h + 119 - 7. Calculate the remainder when 15/(-25) + 0 - (-553)/j is divided by h.
26
Suppose -2*j + 3*s = 5*s - 200, -3*j + 308 = s. What is the remainder when j is divided by 33?
5
Let j(z) = z**3 - 3*z**2 - 5*z + 6. What is the remainder when 90 is divided by j(5)?
28
Suppose 26*x = 1559 + 989. What is the remainder when x is divided by 16?
2
Suppose -3*h + 132 = -6*j +